{"id":25,"date":"2015-02-12T15:32:43","date_gmt":"2015-02-12T15:32:43","guid":{"rendered":"https:\/\/optmix.efno.fr\/?page_id=25"},"modified":"2024-01-18T06:57:32","modified_gmt":"2024-01-18T06:57:32","slug":"description-du-dispositif","status":"publish","type":"page","link":"https:\/\/optmix.efno.fr\/?page_id=25","title":{"rendered":"Accueil"},"content":{"rendered":"<h1>OPTMix (Oak Pine Tree Mixture) : Un dispositif exp\u00e9rimental en for\u00eat temp\u00e9r\u00e9e<\/h1>\n<p><a href=\"https:\/\/optmix.efno.fr\/wp-content\/uploads\/2019\/09\/O12_3D_OAKPINE_H.png\"><img decoding=\"async\" loading=\"lazy\" class=\"alignnone wp-image-2495\" src=\"https:\/\/optmix.efno.fr\/wp-content\/uploads\/2019\/09\/O12_3D_OAKPINE_H-300x168.png\" alt=\"\" width=\"229\" height=\"128\" srcset=\"https:\/\/optmix.efno.fr\/wp-content\/uploads\/2019\/09\/O12_3D_OAKPINE_H-300x168.png 300w, https:\/\/optmix.efno.fr\/wp-content\/uploads\/2019\/09\/O12_3D_OAKPINE_H-768x430.png 768w, https:\/\/optmix.efno.fr\/wp-content\/uploads\/2019\/09\/O12_3D_OAKPINE_H-1024x573.png 1024w, https:\/\/optmix.efno.fr\/wp-content\/uploads\/2019\/09\/O12_3D_OAKPINE_H.png 1731w\" sizes=\"(max-width: 229px) 100vw, 229px\" \/><\/a><a href=\"https:\/\/optmix.efno.fr\/wp-content\/uploads\/2019\/09\/O598_3D_OAKPINE_H.png\"><img decoding=\"async\" loading=\"lazy\" class=\"alignnone wp-image-2491\" src=\"https:\/\/optmix.efno.fr\/wp-content\/uploads\/2019\/09\/O598_3D_OAKPINE_H-300x168.png\" alt=\"\" width=\"239\" height=\"133\" srcset=\"https:\/\/optmix.efno.fr\/wp-content\/uploads\/2019\/09\/O598_3D_OAKPINE_H-300x168.png 300w, https:\/\/optmix.efno.fr\/wp-content\/uploads\/2019\/09\/O598_3D_OAKPINE_H-768x430.png 768w, https:\/\/optmix.efno.fr\/wp-content\/uploads\/2019\/09\/O598_3D_OAKPINE_H-1024x573.png 1024w, https:\/\/optmix.efno.fr\/wp-content\/uploads\/2019\/09\/O598_3D_OAKPINE_H.png 1731w\" sizes=\"(max-width: 239px) 100vw, 239px\" \/><\/a><a href=\"https:\/\/optmix.efno.fr\/wp-content\/uploads\/2019\/09\/O333_3D_OAKPINE_H.png\"><img decoding=\"async\" loading=\"lazy\" class=\"alignnone wp-image-2496\" src=\"https:\/\/optmix.efno.fr\/wp-content\/uploads\/2019\/09\/O333_3D_OAKPINE_H-300x168.png\" alt=\"\" width=\"259\" height=\"145\" srcset=\"https:\/\/optmix.efno.fr\/wp-content\/uploads\/2019\/09\/O333_3D_OAKPINE_H-300x168.png 300w, https:\/\/optmix.efno.fr\/wp-content\/uploads\/2019\/09\/O333_3D_OAKPINE_H-768x430.png 768w, https:\/\/optmix.efno.fr\/wp-content\/uploads\/2019\/09\/O333_3D_OAKPINE_H-1024x573.png 1024w, https:\/\/optmix.efno.fr\/wp-content\/uploads\/2019\/09\/O333_3D_OAKPINE_H.png 1731w\" sizes=\"(max-width: 259px) 100vw, 259px\" \/><\/a>(*)<\/p>\n<p>OPTMix (Oak Pine Tree Mixture) est un dispositif exp\u00e9rimental constitu\u00e9 d\u2019un r\u00e9seau de 33 placettes instrument\u00e9es en for\u00eat domaniale d\u2019Orl\u00e9ans sur une surface totale de 40 ha. L\u2019objectif est d\u2019\u00e9tudier les cons\u00e9quences de la composition (ch\u00eane sessile, pin sylvestre, m\u00e9lange), de la densit\u00e9 (nombre d\u2019arbres\/ha), et de la pr\u00e9sence d\u2019ongul\u00e9s sauvages (sangliers, cerfs, chevreuils), sur le fonctionnement de la for\u00eat (bilan hydrique, r\u00e9g\u00e9n\u00e9ration, biodiversit\u00e9, croissance du peuplement). Ce dispositif vise \u00e0 am\u00e9liorer les connaissances sur le fonctionnement des for\u00eats m\u00e9lang\u00e9es en r\u00e9gion temp\u00e9r\u00e9e avec des applications directes \u00e0 la gestion foresti\u00e8re en particulier dans le cadre des changements climatiques.<br \/>\nChacune des placettes de mesure couvre une surface de 0,5 ha o\u00f9 tous les arbres ont \u00e9t\u00e9 cartographi\u00e9s. Les placettes de mesure sont entour\u00e9es d\u2019une zone tampon de 20 m\u00e8tres de large. La plupart des placettes est \u00e9quip\u00e9e d\u2019appareils de mesure du microclimat, en particulier du bilan hydrique (capteurs de temp\u00e9rature, d\u2019humidit\u00e9 relative, de rayonnement ; pluviom\u00e8tres, sondes d\u2019humidit\u00e9 du sol \u00e0 3 profondeurs ; pi\u00e9zom\u00e8tres). Des dendrom\u00e8tres ont \u00e9t\u00e9 install\u00e9s sur un \u00e9chantillon d\u2019arbres afin de suivre leur croissance en continu et en particulier \u00e0 l\u2019\u00e9chelle intra-annuelle. En parall\u00e8le, des suivis de populations d\u2019herbivores (ongul\u00e9s sauvages et micromammif\u00e8res), de diversit\u00e9, de dynamique de la v\u00e9g\u00e9tation et de la r\u00e9g\u00e9n\u00e9ration foresti\u00e8re ainsi que de l&rsquo;utilisation des ressources par les arbres (eau, lumi\u00e8re, nutriments) sont r\u00e9alis\u00e9s.<\/p>\n<p>(*) <em>captures d&rsquo;\u00e9cran issues du simulateur Oakpine1 sous la plate-forme de simulation <a href=\"http:\/\/capsis.cirad.fr\/capsis\/home\" target=\"_blank\" rel=\"noopener noreferrer\">Capsis4<\/a><\/em><\/p>\n<p>Pour un descriptif d\u00e9taill\u00e9 du dispositif voir <a href=\"https:\/\/optmix.efno.fr\/?page_id=66\">ici<\/a>.<\/p>\n<p>OPTMix en bref <a href=\"https:\/\/optmix.efno.fr\/?page_id=1652\">ici<\/a>.<\/p>\n<p><strong>Comment nous contacter ? voir page contacts <a href=\"https:\/\/optmix.efno.fr\/?page_id=74\" target=\"_blank\" rel=\"noopener\">ici<\/a><\/strong>.<\/p>\n<p><img decoding=\"async\" loading=\"lazy\" class=\"alignnone wp-image-614\" style=\"background: transparent; border: none;\" src=\"https:\/\/optmix.efno.fr\/wp-content\/uploads\/2015\/03\/chene_P214_196_1_small-300x199.jpg\" width=\"286\" height=\"190\" srcset=\"https:\/\/optmix.efno.fr\/wp-content\/uploads\/2015\/03\/chene_P214_196_1_small-300x199.jpg 300w, https:\/\/optmix.efno.fr\/wp-content\/uploads\/2015\/03\/chene_P214_196_1_small.jpg 900w\" sizes=\"(max-width: 286px) 100vw, 286px\" \/>\u00a0<img decoding=\"async\" loading=\"lazy\" class=\"alignnone wp-image-615\" style=\"background: transparent; border: none;\" src=\"https:\/\/optmix.efno.fr\/wp-content\/uploads\/2015\/03\/melange_P57_205_3_small-300x199.jpg\" alt=\"melange_P57_205_3_small\" width=\"286\" height=\"190\" srcset=\"https:\/\/optmix.efno.fr\/wp-content\/uploads\/2015\/03\/melange_P57_205_3_small-300x199.jpg 300w, https:\/\/optmix.efno.fr\/wp-content\/uploads\/2015\/03\/melange_P57_205_3_small.jpg 900w\" sizes=\"(max-width: 286px) 100vw, 286px\" \/>\u00a0<img decoding=\"async\" loading=\"lazy\" class=\"alignnone wp-image-616\" style=\"background: transparent; border: none;\" src=\"https:\/\/optmix.efno.fr\/wp-content\/uploads\/2015\/03\/pin_P83_202_1_small-300x199.jpg\" alt=\"pin_P83_202_1_small\" width=\"286\" height=\"190\" srcset=\"https:\/\/optmix.efno.fr\/wp-content\/uploads\/2015\/03\/pin_P83_202_1_small-300x199.jpg 300w, https:\/\/optmix.efno.fr\/wp-content\/uploads\/2015\/03\/pin_P83_202_1_small.jpg 900w\" sizes=\"(max-width: 286px) 100vw, 286px\" \/><\/p>\n<p>&nbsp;<\/p>\n<p><span style=\"text-decoration: underline;\">Porteur du projet<\/span> : Nathalie Korboulewsky (INRAE, UR EFNO Nogent-sur-Vernisson)<\/p>\n<p><span style=\"text-decoration: underline;\">Liste des participants INRAE du projet<\/span>\u00a0:<\/p>\n<p><a href=\"https:\/\/optmix.efno.fr\/?page_id=66\"><em>Mise en place\u00a0et gestion du dispositif<\/em><\/a> : Couteau Camille, P\u00e9rot Thomas, Perret Sandrine*<\/p>\n<p><a href=\"https:\/\/optmix.efno.fr\/?page_id=60\"><em>Ph\u00e9nologie, croissance et productivit\u00e9<\/em><\/a> : Couteau Camille, P\u00e9rot Thomas*, Perret Sandrine<\/p>\n<p><a href=\"https:\/\/optmix.efno.fr\/?page_id=7\"><em>Utilisation des ressources<\/em><\/a> : Balandier Philippe*, Couteau Camille, Korboulewsky Nathalie*<\/p>\n<p><a href=\"https:\/\/optmix.efno.fr\/?page_id=10\"><em>Dynamique foresti\u00e8re<\/em><\/a> : Boscardin Yves, Hamard Jean-Pierre, M\u00e5rell Anders*, Rocquencourt Agn\u00e8s<\/p>\n<p><a href=\"https:\/\/optmix.efno.fr\/?page_id=23\"><em>Biodiversit\u00e9<\/em><\/a> : Dumas Yann, Gosselin Marion, M\u00e5rell Anders*<\/p>\n<p>* responsable(s) de la th\u00e9matique<\/p>\n<p>&nbsp;<\/p>\n<div id=\"attachment_883\" style=\"width: 300px\" class=\"wp-caption alignleft\"><a href=\"https:\/\/optmix.efno.fr\/wp-content\/uploads\/2015\/09\/groupe_avec_noms_avec_absents.jpg\"><img aria-describedby=\"caption-attachment-883\" decoding=\"async\" loading=\"lazy\" class=\"size-medium wp-image-883\" src=\"https:\/\/optmix.efno.fr\/wp-content\/uploads\/2015\/09\/groupe_avec_noms_avec_absents-300x165.jpg\" alt=\"L'\u00e9quipe OPTMix\" width=\"300\" height=\"165\" srcset=\"https:\/\/optmix.efno.fr\/wp-content\/uploads\/2015\/09\/groupe_avec_noms_avec_absents-300x165.jpg 300w, https:\/\/optmix.efno.fr\/wp-content\/uploads\/2015\/09\/groupe_avec_noms_avec_absents-1024x564.jpg 1024w, https:\/\/optmix.efno.fr\/wp-content\/uploads\/2015\/09\/groupe_avec_noms_avec_absents.jpg 1207w\" sizes=\"(max-width: 300px) 100vw, 300px\" \/><\/a><p id=\"caption-attachment-883\" class=\"wp-caption-text\">L&rsquo;\u00e9quipe OPTMix<\/p><\/div>\n<p>&nbsp;<\/p>\n<p><img decoding=\"async\" loading=\"lazy\" class=\"alignnone size-medium wp-image-1951\" src=\"https:\/\/optmix.efno.fr\/wp-content\/uploads\/2018\/07\/Logo_GIS_Coop-300x82.png\" alt=\"\" width=\"300\" height=\"82\" srcset=\"https:\/\/optmix.efno.fr\/wp-content\/uploads\/2018\/07\/Logo_GIS_Coop-300x82.png 300w, https:\/\/optmix.efno.fr\/wp-content\/uploads\/2018\/07\/Logo_GIS_Coop-768x211.png 768w, https:\/\/optmix.efno.fr\/wp-content\/uploads\/2018\/07\/Logo_GIS_Coop.png 1022w\" sizes=\"(max-width: 300px) 100vw, 300px\" \/><a href=\"https:\/\/www.anaee-france.fr\/\" target=\"_blank\" rel=\"noopener\"><img decoding=\"async\" loading=\"lazy\" class=\"alignnone size-medium wp-image-1952\" src=\"https:\/\/optmix.efno.fr\/wp-content\/uploads\/2018\/07\/logo-AnaEE-france-300x132.png\" alt=\"\" width=\"300\" height=\"132\" srcset=\"https:\/\/optmix.efno.fr\/wp-content\/uploads\/2018\/07\/logo-AnaEE-france-300x132.png 300w, https:\/\/optmix.efno.fr\/wp-content\/uploads\/2018\/07\/logo-AnaEE-france-768x337.png 768w, https:\/\/optmix.efno.fr\/wp-content\/uploads\/2018\/07\/logo-AnaEE-france.png 924w\" sizes=\"(max-width: 300px) 100vw, 300px\" \/><\/a><img decoding=\"async\" loading=\"lazy\" class=\"alignnone wp-image-2622 size-medium\" style=\"background: transparent; border: none;\" src=\"https:\/\/optmix.efno.fr\/wp-content\/uploads\/2019\/12\/logo-inrae-300x104.png\" alt=\"\" width=\"300\" height=\"104\" srcset=\"https:\/\/optmix.efno.fr\/wp-content\/uploads\/2019\/12\/logo-inrae-300x104.png 300w, https:\/\/optmix.efno.fr\/wp-content\/uploads\/2019\/12\/logo-inrae.png 330w\" sizes=\"(max-width: 300px) 100vw, 300px\" \/><img decoding=\"async\" loading=\"lazy\" class=\"alignleft wp-image-311\" style=\"background: transparent; border: none;\" src=\"https:\/\/optmix.efno.fr\/wp-content\/uploads\/2015\/02\/LOGO-ONF-Quadri-big1-300x113.jpg\" alt=\"LOGO-ONF-Quadri-big\" width=\"170\" height=\"64\" srcset=\"https:\/\/optmix.efno.fr\/wp-content\/uploads\/2015\/02\/LOGO-ONF-Quadri-big1-300x113.jpg 300w, https:\/\/optmix.efno.fr\/wp-content\/uploads\/2015\/02\/LOGO-ONF-Quadri-big1-1024x385.jpg 1024w\" sizes=\"(max-width: 170px) 100vw, 170px\" \/><\/p>\n<p><img decoding=\"async\" loading=\"lazy\" class=\"alignnone wp-image-734 alignleft\" style=\"background: transparent; border: none;\" src=\"https:\/\/optmix.efno.fr\/wp-content\/uploads\/2015\/09\/Region_Centre_ValdeLoire-300x228.jpeg\" alt=\"Region_Centre_ValdeLoire\" width=\"170\" height=\"129\" srcset=\"https:\/\/optmix.efno.fr\/wp-content\/uploads\/2015\/09\/Region_Centre_ValdeLoire-300x228.jpeg 300w, https:\/\/optmix.efno.fr\/wp-content\/uploads\/2015\/09\/Region_Centre_ValdeLoire.jpeg 791w\" sizes=\"(max-width: 170px) 100vw, 170px\" \/><img decoding=\"async\" loading=\"lazy\" class=\"alignnone wp-image-750\" style=\"background: transparent; border: none;\" src=\"https:\/\/optmix.efno.fr\/wp-content\/uploads\/2015\/09\/loiret-logo-quadrichromie-300x120.jpg\" alt=\"logo-Loiret-vecto\" width=\"200\" height=\"80\" srcset=\"https:\/\/optmix.efno.fr\/wp-content\/uploads\/2015\/09\/loiret-logo-quadrichromie-300x120.jpg 300w, https:\/\/optmix.efno.fr\/wp-content\/uploads\/2015\/09\/loiret-logo-quadrichromie-1024x411.jpg 1024w, https:\/\/optmix.efno.fr\/wp-content\/uploads\/2015\/09\/loiret-logo-quadrichromie.jpg 1772w\" sizes=\"(max-width: 200px) 100vw, 200px\" \/><\/p>\n","protected":false},"excerpt":{"rendered":"<p>OPTMix (Oak Pine Tree Mixture) : Un dispositif exp\u00e9rimental en for\u00eat temp\u00e9r\u00e9e (*) OPTMix (Oak Pine Tree Mixture) est un dispositif exp\u00e9rimental constitu\u00e9 d\u2019un r\u00e9seau de 33 placettes instrument\u00e9es en for\u00eat domaniale d\u2019Orl\u00e9ans sur une surface totale de 40 ha. L\u2019objectif est d\u2019\u00e9tudier les cons\u00e9quences de la composition (ch\u00eane sessile, pin sylvestre, m\u00e9lange), de la &hellip; <\/p>\n<p><a class=\"more-link btn\" href=\"https:\/\/optmix.efno.fr\/?page_id=25\">Lire la suite<\/a><\/p>\n","protected":false},"author":2,"featured_media":0,"parent":0,"menu_order":0,"comment_status":"closed","ping_status":"closed","template":"","meta":{"_mi_skip_tracking":false,"_exactmetrics_sitenote_active":false,"_exactmetrics_sitenote_note":"","_exactmetrics_sitenote_category":0,"footnotes":"","_mc_calendar":[]},"_links":{"self":[{"href":"https:\/\/optmix.efno.fr\/index.php?rest_route=\/wp\/v2\/pages\/25"}],"collection":[{"href":"https:\/\/optmix.efno.fr\/index.php?rest_route=\/wp\/v2\/pages"}],"about":[{"href":"https:\/\/optmix.efno.fr\/index.php?rest_route=\/wp\/v2\/types\/page"}],"author":[{"embeddable":true,"href":"https:\/\/optmix.efno.fr\/index.php?rest_route=\/wp\/v2\/users\/2"}],"replies":[{"embeddable":true,"href":"https:\/\/optmix.efno.fr\/index.php?rest_route=%2Fwp%2Fv2%2Fcomments&post=25"}],"version-history":[{"count":132,"href":"https:\/\/optmix.efno.fr\/index.php?rest_route=\/wp\/v2\/pages\/25\/revisions"}],"predecessor-version":[{"id":3205,"href":"https:\/\/optmix.efno.fr\/index.php?rest_route=\/wp\/v2\/pages\/25\/revisions\/3205"}],"wp:attachment":[{"href":"https:\/\/optmix.efno.fr\/index.php?rest_route=%2Fwp%2Fv2%2Fmedia&parent=25"}],"curies":[{"name":"wp","href":"https:\/\/api.w.org\/{rel}","templated":true}]}}