{"id":72,"date":"2015-02-13T13:22:59","date_gmt":"2015-02-13T13:22:59","guid":{"rendered":"https:\/\/optmix.efno.fr\/?page_id=72"},"modified":"2022-01-10T14:07:45","modified_gmt":"2022-01-10T14:07:45","slug":"financement","status":"publish","type":"page","link":"https:\/\/optmix.efno.fr\/?page_id=72","title":{"rendered":"Financement"},"content":{"rendered":"<p>Le dispositif a pu \u00eatre install\u00e9 gr\u00e2ce au financement de la R\u00e9gion Centre et INRAE (\u00e0 l\u2019\u00e9poque Irstea), et \u00e0 la mise \u00e0 disposition des parcelles foresti\u00e8res par l\u2019Office National des For\u00eats. En tant que membre du r\u00e9seau SOERE F-ORE-T, OPTMix a re\u00e7u un soutien financier d\u2019Ecofor pendant quelques ann\u00e9es. Aujourd\u2019hui, la r\u00e9alisation des mesures et la maintenance des \u00e9quipements est assur\u00e9 exclusivement gr\u00e2ce aux projets scientifiques (voir le d\u00e9tail <a href=\"https:\/\/optmix.efno.fr\/?page_id=148\">ici<\/a>, sauf les co\u00fbts salariaux des personnels permanents) et avec le soutien de l\u2019Unit\u00e9 et du d\u00e9partement INRAE pour le renouvellement ou le d\u00e9ploiement de certains \u00e9quipements.<\/p>\n<p>&nbsp;<\/p>\n","protected":false},"excerpt":{"rendered":"<p>Le dispositif a pu \u00eatre install\u00e9 gr\u00e2ce au financement de la R\u00e9gion Centre et INRAE (\u00e0 l\u2019\u00e9poque Irstea), et \u00e0 la mise \u00e0 disposition des parcelles foresti\u00e8res par l\u2019Office National des For\u00eats. En tant que membre du r\u00e9seau SOERE F-ORE-T, OPTMix a re\u00e7u un soutien financier d\u2019Ecofor pendant quelques ann\u00e9es. Aujourd\u2019hui, la r\u00e9alisation des mesures &hellip; <\/p>\n<p><a class=\"more-link btn\" href=\"https:\/\/optmix.efno.fr\/?page_id=72\">Lire la suite<\/a><\/p>\n","protected":false},"author":2,"featured_media":0,"parent":25,"menu_order":3,"comment_status":"closed","ping_status":"closed","template":"","meta":{"_mi_skip_tracking":false,"_exactmetrics_sitenote_active":false,"_exactmetrics_sitenote_note":"","_exactmetrics_sitenote_category":0,"footnotes":"","_mc_calendar":[]},"_links":{"self":[{"href":"https:\/\/optmix.efno.fr\/index.php?rest_route=\/wp\/v2\/pages\/72"}],"collection":[{"href":"https:\/\/optmix.efno.fr\/index.php?rest_route=\/wp\/v2\/pages"}],"about":[{"href":"https:\/\/optmix.efno.fr\/index.php?rest_route=\/wp\/v2\/types\/page"}],"author":[{"embeddable":true,"href":"https:\/\/optmix.efno.fr\/index.php?rest_route=\/wp\/v2\/users\/2"}],"replies":[{"embeddable":true,"href":"https:\/\/optmix.efno.fr\/index.php?rest_route=%2Fwp%2Fv2%2Fcomments&post=72"}],"version-history":[{"count":8,"href":"https:\/\/optmix.efno.fr\/index.php?rest_route=\/wp\/v2\/pages\/72\/revisions"}],"predecessor-version":[{"id":3005,"href":"https:\/\/optmix.efno.fr\/index.php?rest_route=\/wp\/v2\/pages\/72\/revisions\/3005"}],"up":[{"embeddable":true,"href":"https:\/\/optmix.efno.fr\/index.php?rest_route=\/wp\/v2\/pages\/25"}],"wp:attachment":[{"href":"https:\/\/optmix.efno.fr\/index.php?rest_route=%2Fwp%2Fv2%2Fmedia&parent=72"}],"curies":[{"name":"wp","href":"https:\/\/api.w.org\/{rel}","templated":true}]}}